-51722
-126030 (base 9) to base 13
-28b12
-99 (base 10) to base 8
-143
Convert -10320210 (base 4) to base 12.
-b6b0
Convert -116510 (base 7) to base 16.
-540e
42532 (base 6) to base 14
2196
Convert 358 (base 11) to base 15.
1d6
What is 325 (base 11) in base 10?
390
What is 10441 (base 6) in base 7?
4162
54410 (base 9) to base 11
250a7
What is -11100100001000 (base 2) in base 12?
-8548
What is -2321 (base 4) in base 3?
-20212
Convert -70664 (base 9) to base 16.
-b587
Convert 2444 (base 12) to base 2.
111111110100
What is -5da6 (base 15) in base 11?
-13aa2
Convert 54575 (base 8) to base 14.
84c5
Convert -17c0 (base 16) to base 6.
-44052
What is 155064 (base 7) in base 9?
45840
What is -3881 (base 15) in base 8?
-27416
Convert 25326 (base 7) to base 14.
2616
What is -11180 (base 10) in base 11?
-8444
-134373 (base 8) to base 6
-1003123
Convert -37351 (base 11) to base 5.
-3204114
Convert -13b5 (base 14) to base 3.
-11210022
1b72 (base 14) to base 7
20402
470a (base 12) to base 5
223210
What is -3013122 (base 5) in base 7?
-256454
What is -1120 (base 4) in base 2?
-1011000
-6034 (base 8) to base 9
-4224
Convert 342141 (base 5) to base 4.
2332023
Convert 7a87 (base 11) to base 9.
15512
-70 (base 8) to base 13
-44
Convert -1878 (base 10) to base 15.
-853
Convert 19a (base 12) to base 16.
106
-2771 (base 8) to base 12
-a75
What is 10100010100110101 (base 2) in base 4?
110110311
What is -45446 (base 7) in base 14?
-42cd
-429 (base 12) to base 11
-504
Convert 2131 (base 6) to base 11.
403
-293 (base 13) to base 5
-3313
-162 (base 16) to base 8
-542
-168 (base 12) to base 2
-11100000
Convert -4a8 (base 15) to base 3.
-1110012
212345 (base 7) to base 6
442425
What is 123120 (base 5) in base 2?
1001010110001
-7131 (base 8) to base 2
-111001011001
What is 4103 (base 14) in base 3?
120022220
Convert 1111022201 (base 3) to base 14.
a9d9
-2143 (base 5) to base 6
-1214
8c53 (base 14) to base 10
24377
What is -da5 (base 14) in base 12?
-1685
-2113 (base 6) to base 8
-735
What is 5c2 (base 16) in base 4?
113002
What is 4f4 (base 16) in base 2?
10011110100
605 (base 10) to base 16
25d
What is 12002 (base 5) in base 4?
31231
Convert -110010000100 (base 2) to base 3.
-11101200
Convert -5331 (base 7) to base 16.
-75c
What is -21212201 (base 3) in base 10?
-5743
What is -111011011010 (base 2) in base 14?
-1558
-33303 (base 4) to base 8
-1763
1413 (base 7) to base 9
670
What is -1220011 (base 3) in base 10?
-1381
Convert -51166 (base 7) to base 9.
-18057
What is -20021 (base 4) in base 12?
-375
3a21 (base 12) to base 15
1e84
6460 (base 9) to base 10
4752
Convert 418a (base 16) to base 4.
10012022
1112000100 (base 3) to base 8
72312
2d1e (base 15) to base 9
14272
Convert -100011001 (base 2) to base 4.
-10121
-1322223 (base 4) to base 16
-1eab
Convert 101000 (base 2) to base 8.
50
What is 2415 (base 6) in base 7?
1466
Convert 12231 (base 6) to base 11.
1404
-8f7 (base 16) to base 11
-17a7
What is -15b1 (base 12) in base 3?
-10112121
db2 (base 15) to base 3
11020112
564 (base 7) to base 8
443
Convert -1010011000110110 (base 2) to base 4.
-22120312
Convert -2032 (base 4) to base 9.
-167
What is 1321 (base 8) in base 4?
23101
What is 130 (base 5) in base 14?
2c
Convert -100634 (base 9) to base 6.
-1135434
What is -312133 (base 5) in base 3?
-112010020
What is -891 (base 12) in base 6?
-5501
Convert -30132 (base 4) to base 5.
-11143
Convert -666 (base 7) to base 5.
-2332
What is 2334022 (base 5) in base 16?
a804
What is -cf1 (base 16) in base 14?
-12c9
What is 23111020 (base 4) in base 16?
b548
-78b3 (base 13) to base 2
-100000111101101
-6504 (base 7) to base 2
-100100000011
3133102 (base 4) to base 9
21537
What is 16110 (base 10) in base 7?
64653
What is -18582 (base 10) in base 6?
-222010
What is -16623 (base 7) in base 2?
-1001010100010
Convert -5242 (base 6) to base 14.
-602
What is 1062 (base 11) in base 13?
838
-30b (base 13) to base 10
-518
-12a (base 16) to base 7
-604
e6 (base 16) to base 9
275
What is 2939 (base 10) in base 7?
11366
-201304 (base 5) to base 10
-6454
What is -1ad (base 14) in base 11?
-298
5649 (base 12) to base 16
2559
Convert -196b (base 12) to base 2.
-110000100011
Convert 669 (base 11) to base 2.
1100100001
ba1 (base 16) to base 2
101110100001
Convert 21452 (base 10) to base 4.
11033030
What is 111001000 (base 2) in base 9?
556
Convert -4aaa5 (base 11) to base 7.
-423260
-30153 (base 7) to base 6
-53430
What is 1b666 (base 14) in base 5?
4213431
Convert -3250 (base 6) to base 16.
-2ee
1340113 (base 5) to base 11
19760
170 (base 15) to base 3
110020
12202012 (base 3) to base 4
1001132
What is -5459 (base 11) in base 10?
-7203
124230 (base 6) to base 13
51cc
What is 4a04 (base 16) in base 15?
5933
What is -28116 (base 10) in base 2?
-110110111010100
1156 (base 9) to base 2
1101011101
Convert -2334 (base 6) to base 3.
-202211
64404 (base 8) to base 12
13684
What is 1c8 (base 14) in base 12?
270
What is -2321 (base 5) in base 3?
-110110
What is bfb (base 16) in base 13?
151c
110101000 (base 2) to base 3
120201
2401 (base 8) to base 9
1673
Convert -bde3 (base 16) to base 5.
-3023421
What is -1394 (base 10) in base 5?
-21034
What is -cbdc (base 14) in base 15?
-a6bd
18366 (base 9) to base 12
7420
What is -11039 (base 15) in base 6?
-1054130
Convert 456 (base 15) to base 16.
3d5
What is 25455 (base 6) in base 5?
110401
Convert 3cbb (base 16) to base 5.
444142
-cb6 (base 13) to base 14
-b17
What is -286 (base 10) in base 15?
-141
Convert -64752 (base 8) to base 12.
-13836
-32122333 (base 4) to base 2
-1110011010111111
Convert 423 (base 5) to base 12.
95
Convert -a0a (base 13) to base 14.
-896
-7a1 (base 14) to base 5
-22023
Convert -30a (base 16) to base 15.
-36d
7ef (base 16) to base 5
31111
Convert 4032 (base 7) to base 3.
1220200
Convert 1601 (base 7) to base 13.
3a1
Convert -11182 (base 9) to base 5.
-214240
What is 24170 (base 9) in base 14?
5c7c
What is -227 (base 14) in base 4?
-12223
-2501 (base 6) to base 14
-31b
312 (base 8) to base 4
3022
-3355 (base 14) to base 7
-34635
What is -3b6 (base 13) in base 3?
-220022
Convert 33 (base 11) to base 5.
121
What is -3375 (base 8) in base 9?
-2407
What is -21eb (base 16) in base 9?
-12817
What is 10021211 (base 3) in base 15?
a9d
What is 16416 (base 7) in base 5?
122133
Convert -1050 (base 15) to base 13.
-1755
What is -1176 (base 10) in base 5?
-14201
What is -6038 (base 9) in base 3?
-20001022
Convert -40a (base 15) to base 2.
-1110001110
-10589 (base 11) to base 15
-482d
-3641 (base 7) to base 12
-948
What is 6a42 (base 16) in base 14?
9cb0
Convert 11322 (base 5) to base 3.
1011000
Convert -111000101 (base 2) to base 5.
-3303
Convert -103333 (base 5) to base 14.
-1449
Convert 116241 (base 9) to base 4.
101020213
Convert -6165 (base 7) to base 16.
-86a
Convert -36 (base 9) to base 14.
-25
What is 2212112 (base 3) in base 4?
200231
What is 100002 (base 3) in base 16?
f5
What is -441340 (base 5) in base 10?
-15220
31522 (base 7) to base 2
1111001111111
What is -202012 (base 3) in base 4?
-20201
Convert 172 (base 9) to base 15.
9b
Convert 13412 (base 5) to base 4.
101103
What is 1143 (base 8) in base 13?
380
Convert -44 (base 6) to base 7.
-40
What is -36322 (base 10) in base 12?
-1902a
Convert -683 (base 9) to base 4.
-20301
Convert 110010110111000 (base 2) to base 6.
320320
Convert -1c (base 14) to base 8.
-32
What is 5a9 (base 15) in base 3?
1202120
7075 (base 8) to base 10
3645
What is 140210 (base 5) in base 16?
1630
What is -165217 (base 8) in base 10?
-60047
What is -101001112 (base 4) in base 7?
-410155
Convert 265552 (base 7) to base 3.
2112121111
1675 (base 8) to base 12
679
837 (base 11) to base 9
1340
Convert -1464 (base 12) to base 14.
-c20
What is 2122121 (base 3) in base 12?
1151
What is 64a (base 12) in base 10?
922
-210 (base 3) to base 15
-16
291 (base 12) to base 13
247
-e94 (base 15) to base 4
-303121
-349 (base 14) to base 3
-220012
Convert 100110021 (base 3) to base 12.
3ba4
What is 10102200 (base 3) in base 7?
10203
503 (base 9) to base 14
212
What is 289 (base 12) in base 6?
1453
1625 (base 11) to base 7
6035
-112221 (base 4) to base 3
-1222200
What is 3a89 (base 14) in base 3?
112010222
Convert 110100 (base 3) to base 16.
14d
What is -122005 (base 8) in base 6?
-522221
What